{"id":50,"date":"2017-05-18T15:26:48","date_gmt":"2017-05-18T13:26:48","guid":{"rendered":"https:\/\/www.vechtenweide.nl\/?page_id=50"},"modified":"2017-08-24T16:15:46","modified_gmt":"2017-08-24T14:15:46","slug":"appartementen","status":"publish","type":"page","link":"https:\/\/www.vechtenweide.nl\/de\/appartementen\/","title":{"rendered":"Ferienwohnungen"},"content":{"rendered":"<p><\/p>\n<h1>Ferienwohnungen<\/h1>\n<p>Vecht &amp; Weide verf\u00fcgt \u00fcber 4 gem\u00fctliche und ger\u00e4umige Apartments, die jeweils nach Wiesenv\u00f6geln benannt sind, die sich in der umliegenden Landschaft ern\u00e4hren. Die Ferienwohnungen sind individuell eingerichtet und sind komplett ausgestattet. Au\u00dferdem haben sie einen separaten Eingang und verf\u00fcgen \u00fcber eine eigene Terrasse. In unseren Mietunterk\u00fcnften sind Haustiere nicht erlaubt.<\/p>","protected":false},"excerpt":{"rendered":"<p>Ferienwohnungen Vecht &amp; Weide verf\u00fcgt \u00fcber 4 gem\u00fctliche und ger\u00e4umige Apartments, die jeweils nach Wiesenv\u00f6geln benannt sind, die sich in der umliegenden Landschaft ern\u00e4hren. Die Ferienwohnungen sind individuell eingerichtet und sind komplett ausgestattet. Au\u00dferdem haben sie einen separaten Eingang und verf\u00fcgen \u00fcber eine eigene Terrasse. In unseren Mietunterk\u00fcnften sind Haustiere nicht erlaubt.<\/p>\n","protected":false},"author":1,"featured_media":0,"parent":0,"menu_order":0,"comment_status":"closed","ping_status":"closed","template":"page_accommodation_overview.php","meta":{"footnotes":""},"class_list":["post-50","page","type-page","status-publish","hentry"],"yoast_head":"<!-- This site is optimized with the Yoast SEO plugin v27.3 - https:\/\/yoast.com\/product\/yoast-seo-wordpress\/ -->\n<title>Ferienwohnungen - Vecht &amp; Weide<\/title>\n<meta name=\"robots\" content=\"index, follow, max-snippet:-1, max-image-preview:large, max-video-preview:-1\" \/>\n<link rel=\"canonical\" href=\"https:\/\/www.vechtenweide.nl\/appartementen\/\" \/>\n<meta property=\"og:locale\" content=\"de_DE\" \/>\n<meta property=\"og:type\" content=\"article\" \/>\n<meta property=\"og:title\" content=\"Ferienwohnungen - Vecht &amp; Weide\" \/>\n<meta property=\"og:description\" content=\"Ferienwohnungen Vecht &amp; Weide verf\u00fcgt \u00fcber 4 gem\u00fctliche und ger\u00e4umige Apartments, die jeweils nach Wiesenv\u00f6geln benannt sind, die sich in der umliegenden Landschaft ern\u00e4hren. Die Ferienwohnungen sind individuell eingerichtet und sind komplett ausgestattet. Au\u00dferdem haben sie einen separaten Eingang und verf\u00fcgen \u00fcber eine eigene Terrasse. In unseren Mietunterk\u00fcnften sind Haustiere nicht erlaubt.\" \/>\n<meta property=\"og:url\" content=\"https:\/\/www.vechtenweide.nl\/appartementen\/\" \/>\n<meta property=\"og:site_name\" content=\"Vecht &amp; Weide\" \/>\n<meta property=\"article:publisher\" content=\"https:\/\/www.facebook.com\/vakantiehuisjes.vecht.en.weide\/\" \/>\n<meta property=\"article:modified_time\" content=\"2017-08-24T14:15:46+00:00\" \/>\n<meta property=\"og:image\" content=\"https:\/\/www.vechtenweide.nl\/wp-content\/uploads\/2017\/07\/logo_white_border.png\" \/>\n\t<meta property=\"og:image:width\" content=\"1551\" \/>\n\t<meta property=\"og:image:height\" content=\"680\" \/>\n\t<meta property=\"og:image:type\" content=\"image\/png\" \/>\n<meta name=\"twitter:card\" content=\"summary_large_image\" \/>\n<meta name=\"twitter:label1\" content=\"Gesch\u00e4tzte Lesezeit\" \/>\n\t<meta name=\"twitter:data1\" content=\"1\u00a0Minute\" \/>\n<script type=\"application\/ld+json\" class=\"yoast-schema-graph\">{\"@context\":\"https:\\\/\\\/schema.org\",\"@graph\":[{\"@type\":\"WebPage\",\"@id\":\"https:\\\/\\\/www.vechtenweide.nl\\\/appartementen\\\/\",\"url\":\"https:\\\/\\\/www.vechtenweide.nl\\\/appartementen\\\/\",\"name\":\"Ferienwohnungen - Vecht &amp; Weide\",\"isPartOf\":{\"@id\":\"https:\\\/\\\/www.vechtenweide.nl\\\/#website\"},\"datePublished\":\"2017-05-18T13:26:48+00:00\",\"dateModified\":\"2017-08-24T14:15:46+00:00\",\"breadcrumb\":{\"@id\":\"https:\\\/\\\/www.vechtenweide.nl\\\/appartementen\\\/#breadcrumb\"},\"inLanguage\":\"de\",\"potentialAction\":[{\"@type\":\"ReadAction\",\"target\":[\"https:\\\/\\\/www.vechtenweide.nl\\\/appartementen\\\/\"]}]},{\"@type\":\"BreadcrumbList\",\"@id\":\"https:\\\/\\\/www.vechtenweide.nl\\\/appartementen\\\/#breadcrumb\",\"itemListElement\":[{\"@type\":\"ListItem\",\"position\":1,\"name\":\"Home\",\"item\":\"https:\\\/\\\/www.vechtenweide.nl\\\/\"},{\"@type\":\"ListItem\",\"position\":2,\"name\":\"Appartementen\"}]},{\"@type\":\"WebSite\",\"@id\":\"https:\\\/\\\/www.vechtenweide.nl\\\/#website\",\"url\":\"https:\\\/\\\/www.vechtenweide.nl\\\/\",\"name\":\"Vecht & Weide\",\"description\":\"\",\"publisher\":{\"@id\":\"https:\\\/\\\/www.vechtenweide.nl\\\/#organization\"},\"potentialAction\":[{\"@type\":\"SearchAction\",\"target\":{\"@type\":\"EntryPoint\",\"urlTemplate\":\"https:\\\/\\\/www.vechtenweide.nl\\\/?s={search_term_string}\"},\"query-input\":{\"@type\":\"PropertyValueSpecification\",\"valueRequired\":true,\"valueName\":\"search_term_string\"}}],\"inLanguage\":\"de\"},{\"@type\":\"Organization\",\"@id\":\"https:\\\/\\\/www.vechtenweide.nl\\\/#organization\",\"name\":\"Vecht & Weide\",\"url\":\"https:\\\/\\\/www.vechtenweide.nl\\\/\",\"logo\":{\"@type\":\"ImageObject\",\"inLanguage\":\"de\",\"@id\":\"https:\\\/\\\/www.vechtenweide.nl\\\/#\\\/schema\\\/logo\\\/image\\\/\",\"url\":\"https:\\\/\\\/www.vechtenweide.nl\\\/wp-content\\\/uploads\\\/2017\\\/07\\\/logo_white_border.png\",\"contentUrl\":\"https:\\\/\\\/www.vechtenweide.nl\\\/wp-content\\\/uploads\\\/2017\\\/07\\\/logo_white_border.png\",\"width\":1551,\"height\":680,\"caption\":\"Vecht & Weide\"},\"image\":{\"@id\":\"https:\\\/\\\/www.vechtenweide.nl\\\/#\\\/schema\\\/logo\\\/image\\\/\"},\"sameAs\":[\"https:\\\/\\\/www.facebook.com\\\/vakantiehuisjes.vecht.en.weide\\\/\"]}]}<\/script>\n<!-- \/ Yoast SEO plugin. -->","yoast_head_json":{"title":"Ferienwohnungen - Vecht &amp; Weide","robots":{"index":"index","follow":"follow","max-snippet":"max-snippet:-1","max-image-preview":"max-image-preview:large","max-video-preview":"max-video-preview:-1"},"canonical":"https:\/\/www.vechtenweide.nl\/appartementen\/","og_locale":"de_DE","og_type":"article","og_title":"Ferienwohnungen - Vecht &amp; Weide","og_description":"Ferienwohnungen Vecht &amp; Weide verf\u00fcgt \u00fcber 4 gem\u00fctliche und ger\u00e4umige Apartments, die jeweils nach Wiesenv\u00f6geln benannt sind, die sich in der umliegenden Landschaft ern\u00e4hren. Die Ferienwohnungen sind individuell eingerichtet und sind komplett ausgestattet. Au\u00dferdem haben sie einen separaten Eingang und verf\u00fcgen \u00fcber eine eigene Terrasse. In unseren Mietunterk\u00fcnften sind Haustiere nicht erlaubt.","og_url":"https:\/\/www.vechtenweide.nl\/appartementen\/","og_site_name":"Vecht &amp; Weide","article_publisher":"https:\/\/www.facebook.com\/vakantiehuisjes.vecht.en.weide\/","article_modified_time":"2017-08-24T14:15:46+00:00","og_image":[{"width":1551,"height":680,"url":"https:\/\/www.vechtenweide.nl\/wp-content\/uploads\/2017\/07\/logo_white_border.png","type":"image\/png"}],"twitter_card":"summary_large_image","twitter_misc":{"Gesch\u00e4tzte Lesezeit":"1\u00a0Minute"},"schema":{"@context":"https:\/\/schema.org","@graph":[{"@type":"WebPage","@id":"https:\/\/www.vechtenweide.nl\/appartementen\/","url":"https:\/\/www.vechtenweide.nl\/appartementen\/","name":"Ferienwohnungen - Vecht &amp; Weide","isPartOf":{"@id":"https:\/\/www.vechtenweide.nl\/#website"},"datePublished":"2017-05-18T13:26:48+00:00","dateModified":"2017-08-24T14:15:46+00:00","breadcrumb":{"@id":"https:\/\/www.vechtenweide.nl\/appartementen\/#breadcrumb"},"inLanguage":"de","potentialAction":[{"@type":"ReadAction","target":["https:\/\/www.vechtenweide.nl\/appartementen\/"]}]},{"@type":"BreadcrumbList","@id":"https:\/\/www.vechtenweide.nl\/appartementen\/#breadcrumb","itemListElement":[{"@type":"ListItem","position":1,"name":"Home","item":"https:\/\/www.vechtenweide.nl\/"},{"@type":"ListItem","position":2,"name":"Appartementen"}]},{"@type":"WebSite","@id":"https:\/\/www.vechtenweide.nl\/#website","url":"https:\/\/www.vechtenweide.nl\/","name":"Vecht & Weide","description":"","publisher":{"@id":"https:\/\/www.vechtenweide.nl\/#organization"},"potentialAction":[{"@type":"SearchAction","target":{"@type":"EntryPoint","urlTemplate":"https:\/\/www.vechtenweide.nl\/?s={search_term_string}"},"query-input":{"@type":"PropertyValueSpecification","valueRequired":true,"valueName":"search_term_string"}}],"inLanguage":"de"},{"@type":"Organization","@id":"https:\/\/www.vechtenweide.nl\/#organization","name":"Vecht & Weide","url":"https:\/\/www.vechtenweide.nl\/","logo":{"@type":"ImageObject","inLanguage":"de","@id":"https:\/\/www.vechtenweide.nl\/#\/schema\/logo\/image\/","url":"https:\/\/www.vechtenweide.nl\/wp-content\/uploads\/2017\/07\/logo_white_border.png","contentUrl":"https:\/\/www.vechtenweide.nl\/wp-content\/uploads\/2017\/07\/logo_white_border.png","width":1551,"height":680,"caption":"Vecht & Weide"},"image":{"@id":"https:\/\/www.vechtenweide.nl\/#\/schema\/logo\/image\/"},"sameAs":["https:\/\/www.facebook.com\/vakantiehuisjes.vecht.en.weide\/"]}]}},"_links":{"self":[{"href":"https:\/\/www.vechtenweide.nl\/de\/wp-json\/wp\/v2\/pages\/50","targetHints":{"allow":["GET"]}}],"collection":[{"href":"https:\/\/www.vechtenweide.nl\/de\/wp-json\/wp\/v2\/pages"}],"about":[{"href":"https:\/\/www.vechtenweide.nl\/de\/wp-json\/wp\/v2\/types\/page"}],"author":[{"embeddable":true,"href":"https:\/\/www.vechtenweide.nl\/de\/wp-json\/wp\/v2\/users\/1"}],"replies":[{"embeddable":true,"href":"https:\/\/www.vechtenweide.nl\/de\/wp-json\/wp\/v2\/comments?post=50"}],"version-history":[{"count":4,"href":"https:\/\/www.vechtenweide.nl\/de\/wp-json\/wp\/v2\/pages\/50\/revisions"}],"predecessor-version":[{"id":1049,"href":"https:\/\/www.vechtenweide.nl\/de\/wp-json\/wp\/v2\/pages\/50\/revisions\/1049"}],"wp:attachment":[{"href":"https:\/\/www.vechtenweide.nl\/de\/wp-json\/wp\/v2\/media?parent=50"}],"curies":[{"name":"wp","href":"https:\/\/api.w.org\/{rel}","templated":true}]}}

<p></p>
<h1>Ferienwohnungen</h1>
<p>Vecht &amp; Weide verfügt über 4 gemütliche und geräumige Apartments, die jeweils nach Wiesenvögeln benannt sind, die sich in der umliegenden Landschaft ernähren. Die Ferienwohnungen sind individuell eingerichtet und sind komplett ausgestattet. Außerdem haben sie einen separaten Eingang und verfügen über eine eigene Terrasse. In unseren Mietunterkünften sind Haustiere nicht erlaubt.</p>

<p>Ferienwohnungen Vecht &amp; Weide verfügt über 4 gemütliche und geräumige Apartments, die jeweils nach Wiesenvögeln benannt sind, die sich in der umliegenden Landschaft ernähren. Die Ferienwohnungen sind individuell eingerichtet und sind komplett ausgestattet. Außerdem haben sie einen separaten Eingang und verfügen über eine eigene Terrasse. In unseren Mietunterkünften sind Haustiere nicht erlaubt.</p>

<!-- This site is optimized with the Yoast SEO plugin v27.3 - https://yoast.com/product/yoast-seo-wordpress/ -->
<title>Ferienwohnungen - Vecht &amp; Weide</title>
<meta name="robots" content="index, follow, max-snippet:-1, max-image-preview:large, max-video-preview:-1" />
<link rel="canonical" href="https://www.vechtenweide.nl/appartementen/" />
<meta property="og:locale" content="de_DE" />
<meta property="og:type" content="article" />
<meta property="og:title" content="Ferienwohnungen - Vecht &amp; Weide" />
<meta property="og:description" content="Ferienwohnungen Vecht &amp; Weide verfügt über 4 gemütliche und geräumige Apartments, die jeweils nach Wiesenvögeln benannt sind, die sich in der umliegenden Landschaft ernähren. Die Ferienwohnungen sind individuell eingerichtet und sind komplett ausgestattet. Außerdem haben sie einen separaten Eingang und verfügen über eine eigene Terrasse. In unseren Mietunterkünften sind Haustiere nicht erlaubt." />
<meta property="og:url" content="https://www.vechtenweide.nl/appartementen/" />
<meta property="og:site_name" content="Vecht &amp; Weide" />
<meta property="article:publisher" content="https://www.facebook.com/vakantiehuisjes.vecht.en.weide/" />
<meta property="article:modified_time" content="2017-08-24T14:15:46+00:00" />
<meta property="og:image" content="https://www.vechtenweide.nl/wp-content/uploads/2017/07/logo_white_border.png" />
	<meta property="og:image:width" content="1551" />
	<meta property="og:image:height" content="680" />
	<meta property="og:image:type" content="image/png" />
<meta name="twitter:card" content="summary_large_image" />
<meta name="twitter:label1" content="Geschätzte Lesezeit" />
	<meta name="twitter:data1" content="1 Minute" />
<script type="application/ld+json" class="yoast-schema-graph">{"@context":"https:\/\/schema.org","@graph":[{"@type":"WebPage","@id":"https:\/\/www.vechtenweide.nl\/appartementen\/","url":"https:\/\/www.vechtenweide.nl\/appartementen\/","name":"Ferienwohnungen - Vecht &amp; Weide","isPartOf":{"@id":"https:\/\/www.vechtenweide.nl\/#website"},"datePublished":"2017-05-18T13:26:48+00:00","dateModified":"2017-08-24T14:15:46+00:00","breadcrumb":{"@id":"https:\/\/www.vechtenweide.nl\/appartementen\/#breadcrumb"},"inLanguage":"de","potentialAction":[{"@type":"ReadAction","target":["https:\/\/www.vechtenweide.nl\/appartementen\/"]}]},{"@type":"BreadcrumbList","@id":"https:\/\/www.vechtenweide.nl\/appartementen\/#breadcrumb","itemListElement":[{"@type":"ListItem","position":1,"name":"Home","item":"https:\/\/www.vechtenweide.nl\/"},{"@type":"ListItem","position":2,"name":"Appartementen"}]},{"@type":"WebSite","@id":"https:\/\/www.vechtenweide.nl\/#website","url":"https:\/\/www.vechtenweide.nl\/","name":"Vecht & Weide","description":"","publisher":{"@id":"https:\/\/www.vechtenweide.nl\/#organization"},"potentialAction":[{"@type":"SearchAction","target":{"@type":"EntryPoint","urlTemplate":"https:\/\/www.vechtenweide.nl\/?s={search_term_string}"},"query-input":{"@type":"PropertyValueSpecification","valueRequired":true,"valueName":"search_term_string"}}],"inLanguage":"de"},{"@type":"Organization","@id":"https:\/\/www.vechtenweide.nl\/#organization","name":"Vecht & Weide","url":"https:\/\/www.vechtenweide.nl\/","logo":{"@type":"ImageObject","inLanguage":"de","@id":"https:\/\/www.vechtenweide.nl\/#\/schema\/logo\/image\/","url":"https:\/\/www.vechtenweide.nl\/wp-content\/uploads\/2017\/07\/logo_white_border.png","contentUrl":"https:\/\/www.vechtenweide.nl\/wp-content\/uploads\/2017\/07\/logo_white_border.png","width":1551,"height":680,"caption":"Vecht & Weide"},"image":{"@id":"https:\/\/www.vechtenweide.nl\/#\/schema\/logo\/image\/"},"sameAs":["https:\/\/www.facebook.com\/vakantiehuisjes.vecht.en.weide\/"]}]}</script>
<!-- / Yoast SEO plugin. -->

Ferienwohnungen Vecht &amp; Weide verfügt über 4 gemütliche und geräumige Apartments, die jeweils nach Wiesenvögeln benannt sind, die sich in der umliegenden Landschaft ernähren. Die Ferienwohnungen sind individuell eingerichtet und sind komplett ausgestattet. Außerdem haben sie einen separaten Eingang und verfügen über eine eigene Terrasse. In unseren Mietunterkünften sind Haustiere nicht erlaubt.
